*y**2 + 11*y + 8. What is the tens digit of o(-7)?
2
Suppose 0*h = 5*h - 360. What is the tens digit of h?
7
Let k be (-4875)/(-91) - 3/(-7). Let s = k + -27. What is the units digit of s?
7
Suppose -3*a = -2*i + 383, -a + 12 = 7. What is the tens digit of i?
9
What is the tens digit of (-3)/18 + 133/6?
2
Suppose 9*u = 401 + 463. What is the tens digit of u?
9
What is the tens digit of (-9)/(45/(-10)) - -61?
6
Suppose -275 = -13*t + 206. What is the tens digit of t?
3
Let s(f) = -71*f + 2. What is the units digit of s(-1)?
3
Let n = 4 - -18. Let f = 32 - n. Suppose -a = a - f. What is the units digit of a?
5
Suppose 3 = -2*u + 7. What is the units digit of u?
2
Let d(a) = 10*a**2 - 2*a. Let k be d(-2). Let v(s) = -s + 19. Let r be v(8). Suppose -k = -3*h - r. What is the tens digit of h?
1
Suppose 2*s - s - 2 = 0. Suppose -c - s = -2*c. Suppose -c*o - 3 = -17. What is the units digit of o?
7
What is the units digit of 67 + (-2 - -2)/(-3)?
7
Suppose -q - 3*q = -48. What is the tens digit of q?
1
Let n be 2/7 - (-60)/(-14). What is the tens digit of (1/1)/(n/(-40))?
1
Let u = -19 + 13. Let h(o) = -o**2 - 6*o - 9. Let q be h(u). Let g = -5 - q. What is the units digit of g?
4
Let x = -2 - -2. Suppose x = -n + 5*n - 92. What is the tens digit of n?
2
Let x(n) = -11*n + 3. Let d(f) = -f - 6. Let t be d(-4). What is the units digit of x(t)?
5
Suppose -s = 3*s - 116. Suppose -2*q - 3 + s = 0. What is the tens digit of q?
1
Suppose -x = 2*g - 131, -4*x - 3*g + 207 = -297. What is the units digit of x?
3
Suppose -4*w + 120 = 2*v, v - 201 = -2*v + w. What is the units digit of v?
6
Let c(b) = -b**3 + 2*b**2 + 2*b - 2. Let h be c(2). Suppose 2*m - 40 = -4*u - h*m, 4*m = u - 10. What is the tens digit of u?
1
Let v = 5 - 6. What is the units digit of (v/(-3))/((-1)/(-6))?
2
Suppose j = -3*j - 36. Let g = 0 - j. What is the units digit of g?
9
What is the tens digit of -210*(-4)/24*4?
4
Suppose 0 = -8*l + 320 + 8. What is the units digit of l?
1
Let f(b) = b + 8. Let w be f(-8). Let k(s) = -s**3 + s**2 - s. Let t be k(w). Suppose t = -4*i + 20 + 16. What is the units digit of i?
9
Let r be 70/21 - (-1)/(-3). Suppose -q - r = 0, 163 = 4*a - q + 32. What is the tens digit of a?
3
Let b be (2/1 - 3)*0. Suppose -4*g - 8 = 5*a - 58, b = 4*g - a - 38. What is the tens digit of g?
1
What is the units digit of 2*(9 + (-2 - 2))?
0
Let n = 3 + 1. Let m = 6 - n. What is the units digit of m?
2
What is the hundreds digit of 96/(-28) + 3 + (-1214)/(-7)?
1
Let g be ((-12)/18)/((-1)/3). Let j be ((0/(-2))/g)/1. What is the units digit of 1 + 13 + (j - 0)?
4
Let q = -117 - -168. What is the tens digit of q?
5
Suppose -3*s - 80 = -7*s. Suppose -q = i + s, -37 = -q + 3*q + 3*i. Let n = q - -40. What is the tens digit of n?
1
Let q(a) be the third derivative of a**5/60 - a**4/6 - a**3/3 - a**2. Let l(j) = -j**3 - j**2 + 2. Let y be l(-2). What is the units digit of q(y)?
0
Let n(o) = o**2 - 3*o - 2. Suppose 5*j - 19 = 21. What is the tens digit of n(j)?
3
Let r(u) = -10*u**2 - 2*u + 19. Let p(o) = 3*o**2 + o - 6. Let k(i) = 7*p(i) + 2*r(i). Let a be k(-5). What is the units digit of a/(-4)*8/(-3)?
4
Let n be 4 + 0 + -5 + 4. Let c be 466/12 + n/18. Suppose 0*a + 2*h = -3*a + c, -3*a - 5*h + 30 = 0. What is the units digit of a?
5
Let y(w) = -5*w - 2. Let t be y(-5). Suppose -5*i = -112 - t. What is the units digit of i?
7
Suppose 0 = i + 10 - 56. What is the tens digit of i?
4
Suppose -112 = -2*h + 4*h + a, 262 = -5*h + 2*a. Let q = h + 83. What is the units digit of q?
9
Suppose 0 = -5*d + 2*d + 99. What is the tens digit of (0 + 6)*88/d?
1
Suppose 2*r + r - 51 = 0. Suppose r = 3*y - 1. What is the units digit of y?
6
Suppose 37 = 2*f - 33. What is the tens digit of f?
3
Suppose 0 = 2*k - 4*u + 4, 3*k - 4 = 2*k + 5*u. Let a = -1 - k. Suppose 3*r + b - 5 - 10 = 0, -a*r + 4*b + 8 = 0. What is the units digit of r?
4
Let l(g) = -3 + 9*g + g**2 - 2*g**2 - 1 - 4*g. Let y be l(4). Suppose 3*u = -y*u + 42. What is the tens digit of u?
1
Let p(t) = -9*t + 9. What is the tens digit of p(-4)?
4
Suppose -3*i - 11 = -3*h + 2*i, -h + 4*i = -6. Suppose -h*g = s - 2, -s = 2*g + g + 3. What is the units digit of s?
2
Let a(t) be the third derivative of t**6/40 - t**5/60 + t**4/24 + t**3/2 - 7*t**2. What is the tens digit of a(2)?
2
Let j be (-14)/(-8) + (-33)/44. Let w(s) = 34*s + 2. What is the units digit of w(j)?
6
Let y(l) = -l**2 + 7*l + 1. Let x be y(7). Suppose -f = f - 12. Let r = f + x. What is the units digit of r?
7
Let j be ((-4)/(-2))/((-4)/(-10)). Let f(z) = -z**3 + 4*z**2 + 6*z - 1. Let c be f(j). Suppose -2*h = -c*h + 10. What is the units digit of h?
5
Suppose 1 + 3 = 2*a. Let q(v) = v + a*v - 2*v. What is the units digit of q(2)?
2
Let l(x) = x**3 - x**2 + 10. Let a be l(0). Let j(n) = n + 12. Let k be j(-14). What is the units digit of (k/a)/((-2)/10)?
1
Let i be 0*((-8)/12 + 1). What is the units digit of 2*140/8 + i?
5
What is the units digit of (-6 + 0)*5/15 - -63?
1
Let j = 20 + -8. Let w be 0/1 + (5 - 3). What is the units digit of (4/j)/(w/6)?
1
Suppose 0*w = -w. Suppose 3*q - t = 35, -5*t + w*t = -4*q + 65. What is the units digit of q?
0
Suppose -63 = -2*o + 57. What is the units digit of o?
0
Suppose 4*o - 9 = 7*o. What is the units digit of (2 + -5)*10/o?
0
Let o = 664 + -338. What is the units digit of o?
6
What is the units digit of 160/3 + 3 + (-10)/3?
3
Suppose -4 = -4*d - 12. Let x = 5 - 4. Let y = x - d. What is the units digit of y?
3
Suppose -3*x + x + 10 = 0. Suppose -3*s = x + 40. What is the tens digit of (-2 - 4)/(6/s)?
1
Let k be (38 - -2)*4/10. Let y = -42 - -32. Let f = y + k. What is the units digit of f?
6
What is the units digit of 5*5/(25/154)?
4
Suppose -232 = -4*t - 3*n, 2*t - 3*n = -n + 130. What is the tens digit of t?
6
Let i be 0 + (4 - 3) + 23. Suppose -y + i = y. What is the units digit of y?
2
Let s be 76/(-10) + 4/(-10). What is the units digit of (-38)/s + (-5)/(-20)?
5
Suppose -7*u = -3*u - 88. What is the tens digit of u?
2
Let x(t) be the first derivative of -t**3/3 - 11*t**2/2 - 8*t + 2. Let k be x(-8). What is the units digit of 3 + -4 + 0 + k?
5
Let f(m) = 2 + 6*m**2 + 0 - 1. Let d be f(1). Suppose -2*r - 3 + d = 0. What is the units digit of r?
2
Let l = -73 - -152. What is the tens digit of l?
7
Let b = -35 - -67. What is the tens digit of b?
3
Let u(f) = -2*f**3 - f. What is the hundreds digit of u(-4)?
1
Let k(o) be the first derivative of o**4/2 - o**3 - 2*o**2 + 2*o - 1. What is the tens digit of k(3)?
1
Suppose -20 = -6*s + 4*s. Suppose 5*g - 5*h - 35 = 0, s = g - 0*h + 2*h. What is the units digit of g?
8
Let t(p) be the second derivative of p**5/40 - p**3/6 + p. Let x(c) be the second derivative of t(c). What is the units digit of x(1)?
3
Let d(v) = 13*v. Let w be d(-1). Let z = w - -18. Suppose -4*h + 5*n + 12 = -8, 5*h = z*n + 30. What is the tens digit of h?
1
Suppose -159*h + 154*h = -1705. What is the units digit of h?
1
Let v(b) = 7*b + 1. Let o be v(-2). What is the tens digit of (o + 0)*(7 + -8)?
1
Suppose 5*g - 138 = -53. Let h(l) = -l**3 + 2*l**2 + 2. Let w be h(2). Suppose -w*f + g = 5. What is the units digit of f?
6
Let c(d) = 2*d**2 - 5*d - 4. Let r be c(4). Suppose -7 = 2*s - 1, m - s - 5 = 0. Let y = r + m. What is the units digit of y?
0
Let b be ((-24)/14)/((-6)/483). Let j = b - 88. What is the units digit of j?
0
Let t(f) = -f - 3. Let b(q) = -10*q**3 - q**2 - q + 1. Let l be b(1). What is the units digit of t(l)?
8
Suppose 196 = 2*n - 4*y + 50, 288 = 4*n - 4*y. What is the units digit of n?
1
Let y be 18/4*4/3. Let h = y + -9. What is the units digit of h/((-5)/(-3) + -2)?
9
Suppose 2*a + a - 4*g + 29 = 0, -2*g = -4*a - 22. Let c(m) = -m**3 - 2*m**2 - 5*m - 2. What is the tens digit of c(a)?
2
Let t(p) = 3*p**2 + 3*p + 0 + 3 - p. What is the units digit of t(-2)?
1
Let h be (-6)/4*112/(-12). Suppose -2*n - 4*k + 12 = -20, -n + h = k. What is the tens digit of n?
1
What is the hundreds digit of ((-21)/6)/(-2 - 294/(-148))?
2
Let y be -2 + 2 - (2 - 16). Suppose -w + y = -6. What is the tens digit of 3*w/(-6)*-1?
1
Let u(m) = -m**3 + 4*m**2 + 3. Let r be u(4). Suppose 28 = v - h, -r - 82 = -3*v + 2*h. What is the units digit of v?
9
Let c(h) = h**2 - 4*h + 3. What is the units digit of c(5)?
8
L